{"id":17562,"date":"2022-12-01T11:54:04","date_gmt":"2022-12-01T07:54:04","guid":{"rendered":"https:\/\/meltan.mu\/?page_id=17562"},"modified":"2022-12-01T11:55:37","modified_gmt":"2022-12-01T07:55:37","slug":"acquisition-de-real-estate-scheme-a-lile-maurice","status":"publish","type":"page","link":"https:\/\/meltan.mu\/index.php\/fr\/acquisition-de-real-estate-scheme-a-lile-maurice\/","title":{"rendered":"Acquisition de Real Estate Scheme \u00e0 l&#8217;\u00eele maurice"},"content":{"rendered":"<p>[vc_row full_width=&#8221;stretch_row_content&#8221; css=&#8221;.vc_custom_1659459295966{background-color: #ffffff !important;}&#8221;][vc_column css=&#8221;.vc_custom_1661154451143{padding-top: 0px !important;padding-right: 0px !important;padding-bottom: 0px !important;padding-left: 0px !important;}&#8221;][vc_single_image source=&#8221;external_link&#8221; css=&#8221;.vc_custom_1668353511698{padding-top: 0px !important;padding-right: 0px !important;padding-bottom: 0px !important;padding-left: 0px !important;}&#8221; custom_src=&#8221;https:\/\/meltan.mu\/wp-content\/uploads\/2022\/08\/Mauritius-2.jpg&#8221;][\/vc_column][\/vc_row][vc_row full_width=&#8221;stretch_row_content&#8221; content_placement=&#8221;top&#8221; css=&#8221;.vc_custom_1659965079822{margin-top: 0px !important;padding-right: 20px !important;padding-bottom: 40px !important;padding-left: 20px !important;background-color: #d3d3d3 !important;}&#8221;][vc_column width=&#8221;1\/3&#8243; css=&#8221;.vc_custom_1659965044898{margin-top: 30px !important;}&#8221;][vc_single_image source=&#8221;external_link&#8221; custom_src=&#8221;https:\/\/meltan.mu\/wp-content\/uploads\/2022\/08\/pds-1.jpg&#8221;][\/vc_column][vc_column width=&#8221;2\/3&#8243; css=&#8221;.vc_custom_1659846955262{margin-top: 30px !important;}&#8221;][vc_column_text css=&#8221;.vc_custom_1669881314393{margin-top: 40px !important;}&#8221;]<\/p>\n<h1 style=\"text-align: justify;\">Acquisition de Real Estate Scheme \u00e0 l&#8217;\u00eele maurice<\/h1>\n<p style=\"text-align: justify;\"><span style=\"color: #000000;\">L&#8217;\u00eele Maurice, qui b\u00e9n\u00e9ficie d&#8217;un ensoleillement toute l&#8217;ann\u00e9e et d&#8217;un littoral couvert par les vagues chaudes de l&#8217;oc\u00e9an Indien sur des centaines de kilom\u00e8tres, continue d&#8217;\u00eatre une destination tr\u00e8s recherch\u00e9e par les acheteurs immobiliers internationaux. Avec un march\u00e9 immobilier plus ouvert, Maurice devient populaire aupr\u00e8s des particuliers fortun\u00e9s et des personnalit\u00e9s d&#8217;affaires de premier plan.<\/span><\/p>\n<p style=\"text-align: justify;\"><span style=\"color: #000000;\">En r\u00e9ponse, Maurice propose une vari\u00e9t\u00e9 de programmes diff\u00e9rents pour l&#8217;achat d&#8217;une propri\u00e9t\u00e9 r\u00e9sidentielle qui ont \u00e9t\u00e9 approuv\u00e9s et g\u00e9r\u00e9s par le Conseil de d\u00e9veloppement \u00e9conomique.<\/span><\/p>\n<p>[\/vc_column_text][\/vc_column][\/vc_row]<\/p>\n","protected":false},"excerpt":{"rendered":"<p>[vc_row full_width=&#8221;stretch_row_content&#8221; css=&#8221;.vc_custom_1659459295966{background-color: #ffffff !important;}&#8221;][vc_column css=&#8221;.vc_custom_1661154451143{padding-top: 0px !important;padding-right: 0px !important;padding-bottom: 0px !important;padding-left: 0px !important;}&#8221;][vc_single_image source=&#8221;external_link&#8221; css=&#8221;.vc_custom_1668353511698{padding-top: 0px !important;padding-right: 0px !important;padding-bottom: 0px !important;padding-left: 0px !important;}&#8221; custom_src=&#8221;https:\/\/meltan.mu\/wp-content\/uploads\/2022\/08\/Mauritius-2.jpg&#8221;][\/vc_column][\/vc_row][vc_row full_width=&#8221;stretch_row_content&#8221; content_placement=&#8221;top&#8221; css=&#8221;.vc_custom_1659965079822{margin-top: 0px !important;padding-right: 20px !important;padding-bottom: 40px !important;padding-left: 20px !important;background-color: #d3d3d3 !important;}&#8221;][vc_column width=&#8221;1\/3&#8243; css=&#8221;.vc_custom_1659965044898{margin-top: 30px !important;}&#8221;][vc_single_image source=&#8221;external_link&#8221; custom_src=&#8221;https:\/\/meltan.mu\/wp-content\/uploads\/2022\/08\/pds-1.jpg&#8221;][\/vc_column][vc_column width=&#8221;2\/3&#8243; css=&#8221;.vc_custom_1659846955262{margin-top: 30px !important;}&#8221;][vc_column_text css=&#8221;.vc_custom_1669881314393{margin-top: 40px !important;}&#8221;] Acquisition de Real Estate [&hellip;]<\/p>\n","protected":false},"author":1,"featured_media":0,"parent":0,"menu_order":0,"comment_status":"closed","ping_status":"closed","template":"templates\/full-width.php","meta":{"footnotes":""},"class_list":["post-17562","page","type-page","status-publish","hentry"],"aioseo_notices":[],"_links":{"self":[{"href":"https:\/\/meltan.mu\/index.php\/wp-json\/wp\/v2\/pages\/17562","targetHints":{"allow":["GET"]}}],"collection":[{"href":"https:\/\/meltan.mu\/index.php\/wp-json\/wp\/v2\/pages"}],"about":[{"href":"https:\/\/meltan.mu\/index.php\/wp-json\/wp\/v2\/types\/page"}],"author":[{"embeddable":true,"href":"https:\/\/meltan.mu\/index.php\/wp-json\/wp\/v2\/users\/1"}],"replies":[{"embeddable":true,"href":"https:\/\/meltan.mu\/index.php\/wp-json\/wp\/v2\/comments?post=17562"}],"version-history":[{"count":2,"href":"https:\/\/meltan.mu\/index.php\/wp-json\/wp\/v2\/pages\/17562\/revisions"}],"predecessor-version":[{"id":17564,"href":"https:\/\/meltan.mu\/index.php\/wp-json\/wp\/v2\/pages\/17562\/revisions\/17564"}],"wp:attachment":[{"href":"https:\/\/meltan.mu\/index.php\/wp-json\/wp\/v2\/media?parent=17562"}],"curies":[{"name":"wp","href":"https:\/\/api.w.org\/{rel}","templated":true}]}}