{"id":17554,"date":"2022-12-01T11:44:13","date_gmt":"2022-12-01T07:44:13","guid":{"rendered":"https:\/\/meltan.mu\/?page_id=17554"},"modified":"2022-12-01T12:01:31","modified_gmt":"2022-12-01T08:01:31","slug":"investir-a-lile-maurice","status":"publish","type":"page","link":"https:\/\/meltan.mu\/index.php\/fr\/investir-a-lile-maurice\/","title":{"rendered":"Investir \u00e0 l&#8217;\u00eele maurice"},"content":{"rendered":"<p>[vc_row full_width=&#8221;stretch_row_content&#8221; css=&#8221;.vc_custom_1659459295966{background-color: #ffffff !important;}&#8221;][vc_column css=&#8221;.vc_custom_1661154451143{padding-top: 0px !important;padding-right: 0px !important;padding-bottom: 0px !important;padding-left: 0px !important;}&#8221;][vc_single_image source=&#8221;external_link&#8221; css=&#8221;.vc_custom_1668353511698{padding-top: 0px !important;padding-right: 0px !important;padding-bottom: 0px !important;padding-left: 0px !important;}&#8221; custom_src=&#8221;https:\/\/meltan.mu\/wp-content\/uploads\/2022\/08\/Mauritius-2.jpg&#8221;][\/vc_column][\/vc_row][vc_row full_width=&#8221;stretch_row_content&#8221; content_placement=&#8221;top&#8221; css=&#8221;.vc_custom_1659965079822{margin-top: 0px !important;padding-right: 20px !important;padding-bottom: 40px !important;padding-left: 20px !important;background-color: #d3d3d3 !important;}&#8221;][vc_column width=&#8221;1\/3&#8243; css=&#8221;.vc_custom_1659965044898{margin-top: 30px !important;}&#8221;][vc_single_image source=&#8221;external_link&#8221; custom_src=&#8221;https:\/\/meltan.mu\/wp-content\/uploads\/2022\/12\/invest-mauritius.jpg&#8221;][\/vc_column][vc_column width=&#8221;2\/3&#8243; css=&#8221;.vc_custom_1659846955262{margin-top: 30px !important;}&#8221;][vc_column_text css=&#8221;.vc_custom_1669881688737{margin-top: 40px !important;}&#8221;]<\/p>\n<h1 style=\"text-align: justify;\">Investir \u00e0 l&#8217;\u00eele maurice<\/h1>\n<p style=\"text-align: justify;\"><span style=\"color: #000000;\">Maurice est l&#8217;un des pays en d\u00e9veloppement les plus attractifs de l&#8217;oc\u00e9an Indien et de l&#8217;Afrique subsaharienne gr\u00e2ce \u00e0 l&#8217;investissement et \u00e0 l&#8217;entrepreneuriat. L&#8217;\u00e9conomie du pays est en plein essor, ce qui attire les investisseurs.<\/span><br \/>\n<span style=\"color: #000000;\">Maurice est consid\u00e9r\u00e9e comme l&#8217;une des destinations d&#8217;investissement pr\u00e9f\u00e9r\u00e9es en raison de sa situation g\u00e9ographique favorable en tant que v\u00e9ritable carrefour entre l&#8217;Asie et l&#8217;Afrique. Ses trait\u00e9s internationaux favorables permettent \u00e9galement d&#8217;acc\u00e9der aux march\u00e9s europ\u00e9ens et am\u00e9ricains.<\/span><\/p>\n<p style=\"text-align: justify;\"><span style=\"color: #000000;\">Maurice est devenue un point focal pour la politique fiscale, la bonne gouvernance, l&#8217;\u00e9thique, la visibilit\u00e9 et la libert\u00e9 politique et \u00e9conomique en raison de sa strat\u00e9gie ax\u00e9e sur les meilleures pratiques. Le pays poss\u00e8de l&#8217;un des meilleurs climats d&#8217;investissement \u00e9tranger au monde en raison d&#8217;une loi sur l&#8217;investissement et d&#8217;un cadre l\u00e9gislatif clairs et bien d\u00e9finis.<\/span><\/p>\n<p style=\"text-align: justify;\"><span style=\"color: #000000;\">Le gouvernement fournit un permis d&#8217;occupation de 10 ans comme incitation \u00e0 l&#8217;investissement de valeur par le biais de diverses formes d&#8217;investissement afin d&#8217;\u00e9largir davantage le march\u00e9 mauricien aux investisseurs et \u00e0 l&#8217;expertise \u00e9trang\u00e8re dans le but d&#8217;une stabilit\u00e9 \u00e0 long terme.<\/span><\/p>\n<p>[\/vc_column_text][\/vc_column][\/vc_row]<\/p>\n","protected":false},"excerpt":{"rendered":"<p>[vc_row full_width=&#8221;stretch_row_content&#8221; css=&#8221;.vc_custom_1659459295966{background-color: #ffffff !important;}&#8221;][vc_column css=&#8221;.vc_custom_1661154451143{padding-top: 0px !important;padding-right: 0px !important;padding-bottom: 0px !important;padding-left: 0px !important;}&#8221;][vc_single_image source=&#8221;external_link&#8221; css=&#8221;.vc_custom_1668353511698{padding-top: 0px !important;padding-right: 0px !important;padding-bottom: 0px !important;padding-left: 0px !important;}&#8221; custom_src=&#8221;https:\/\/meltan.mu\/wp-content\/uploads\/2022\/08\/Mauritius-2.jpg&#8221;][\/vc_column][\/vc_row][vc_row full_width=&#8221;stretch_row_content&#8221; content_placement=&#8221;top&#8221; css=&#8221;.vc_custom_1659965079822{margin-top: 0px !important;padding-right: 20px !important;padding-bottom: 40px !important;padding-left: 20px !important;background-color: #d3d3d3 !important;}&#8221;][vc_column width=&#8221;1\/3&#8243; css=&#8221;.vc_custom_1659965044898{margin-top: 30px !important;}&#8221;][vc_single_image source=&#8221;external_link&#8221; custom_src=&#8221;https:\/\/meltan.mu\/wp-content\/uploads\/2022\/12\/invest-mauritius.jpg&#8221;][\/vc_column][vc_column width=&#8221;2\/3&#8243; css=&#8221;.vc_custom_1659846955262{margin-top: 30px !important;}&#8221;][vc_column_text css=&#8221;.vc_custom_1669881688737{margin-top: 40px !important;}&#8221;] Investir \u00e0 l&#8217;\u00eele maurice [&hellip;]<\/p>\n","protected":false},"author":1,"featured_media":0,"parent":0,"menu_order":0,"comment_status":"closed","ping_status":"closed","template":"templates\/full-width.php","meta":{"footnotes":""},"class_list":["post-17554","page","type-page","status-publish","hentry"],"aioseo_notices":[],"_links":{"self":[{"href":"https:\/\/meltan.mu\/index.php\/wp-json\/wp\/v2\/pages\/17554","targetHints":{"allow":["GET"]}}],"collection":[{"href":"https:\/\/meltan.mu\/index.php\/wp-json\/wp\/v2\/pages"}],"about":[{"href":"https:\/\/meltan.mu\/index.php\/wp-json\/wp\/v2\/types\/page"}],"author":[{"embeddable":true,"href":"https:\/\/meltan.mu\/index.php\/wp-json\/wp\/v2\/users\/1"}],"replies":[{"embeddable":true,"href":"https:\/\/meltan.mu\/index.php\/wp-json\/wp\/v2\/comments?post=17554"}],"version-history":[{"count":4,"href":"https:\/\/meltan.mu\/index.php\/wp-json\/wp\/v2\/pages\/17554\/revisions"}],"predecessor-version":[{"id":17572,"href":"https:\/\/meltan.mu\/index.php\/wp-json\/wp\/v2\/pages\/17554\/revisions\/17572"}],"wp:attachment":[{"href":"https:\/\/meltan.mu\/index.php\/wp-json\/wp\/v2\/media?parent=17554"}],"curies":[{"name":"wp","href":"https:\/\/api.w.org\/{rel}","templated":true}]}}