{"id":17388,"date":"2022-09-15T19:41:07","date_gmt":"2022-09-15T15:41:07","guid":{"rendered":"https:\/\/meltan.mu\/?page_id=17388"},"modified":"2022-09-15T19:42:17","modified_gmt":"2022-09-15T15:42:17","slug":"appartements-de-type-rez-de-chaussee-2-r2","status":"publish","type":"page","link":"https:\/\/meltan.mu\/index.php\/fr\/appartements-de-type-rez-de-chaussee-2-r2\/","title":{"rendered":"Appartements de type rez-de-chauss\u00e9e +2 (R+2)"},"content":{"rendered":"<p>[vc_row full_width=&#8221;stretch_row_content&#8221; css=&#8221;.vc_custom_1659459295966{background-color: #ffffff !important;}&#8221;][vc_column css=&#8221;.vc_custom_1661154451143{padding-top: 0px !important;padding-right: 0px !important;padding-bottom: 0px !important;padding-left: 0px !important;}&#8221;][vc_single_image source=&#8221;external_link&#8221; css=&#8221;.vc_custom_1663256486488{padding-top: 0px !important;padding-right: 0px !important;padding-bottom: 0px !important;padding-left: 0px !important;}&#8221; custom_src=&#8221;https:\/\/meltan.mu\/wp-content\/uploads\/2022\/08\/Acquire.jpg&#8221;][\/vc_column][\/vc_row][vc_row full_width=&#8221;stretch_row_content&#8221; content_placement=&#8221;top&#8221; css=&#8221;.vc_custom_1659965079822{margin-top: 0px !important;padding-right: 20px !important;padding-bottom: 40px !important;padding-left: 20px !important;background-color: #d3d3d3 !important;}&#8221;][vc_column width=&#8221;1\/3&#8243; css=&#8221;.vc_custom_1659965044898{margin-top: 30px !important;}&#8221;][vc_single_image source=&#8221;external_link&#8221; custom_src=&#8221;https:\/\/meltan.mu\/wp-content\/uploads\/2022\/08\/gound2.jpg&#8221;][\/vc_column][vc_column width=&#8221;2\/3&#8243; css=&#8221;.vc_custom_1659846955262{margin-top: 30px !important;}&#8221;][vc_column_text css=&#8221;.vc_custom_1663256534929{margin-top: 40px !important;}&#8221;]<\/p>\n<h1 style=\"text-align: justify;\"><span style=\"color: #000000;\"><strong>Appartements de type rez-de-chauss\u00e9e +2 (R+2)<\/strong><\/span><\/h1>\n<p style=\"text-align: justify;\"><span style=\"color: #000000;\">Suite \u00e0 des changements dans la l\u00e9gislation mauricienne, un permis de s\u00e9jour est maintenant accord\u00e9 au non-citoyen lors de l&#8217;acquisition d&#8217;une propri\u00e9t\u00e9 r\u00e9sidentielle dans un b\u00e2timent d&#8217;au moins 2 \u00e9tages au-dessus du rez-de-chauss\u00e9e, comprenant au moins 6 unit\u00e9s, pour un montant non inf\u00e9rieur \u00e0 375 000 USD ou son \u00e9quivalent dans toute autre devise \u00e9trang\u00e8re ou mauricienne librement convertible.\u00a0 Le permis de s\u00e9jour est valable tant que le non-citoyen reste propri\u00e9taire de la propri\u00e9t\u00e9 r\u00e9sidentielle dans le cadre du r\u00e9gime R+2.<\/span><\/p>\n<p style=\"text-align: justify;\"><span style=\"color: #000000;\">Les non-citoyens sont autoris\u00e9s \u00e0 acheter des appartements dans des d\u00e9veloppements en dehors des programmes r\u00e9sidentiels approuv\u00e9s, c&#8217;est-\u00e0-dire RES, IRS, PDS, IHS, Smart City.<\/span><\/p>\n<p style=\"text-align: justify;\"><span style=\"color: #000000;\">Les appartements doivent \u00eatre situ\u00e9s dans des lotissements en copropri\u00e9t\u00e9 d&#8217;au moins deux niveaux au-dessus du sol (G+2), comprenant au moins 6 unit\u00e9s, et le prix d&#8217;achat d&#8217;un appartement ne doit pas \u00eatre inf\u00e9rieur \u00e0 6 millions MUR ou son \u00e9quivalent dans toute autre devise \u00e9trang\u00e8re convertible.<\/span><\/p>\n<p>[\/vc_column_text][\/vc_column][\/vc_row]<\/p>\n","protected":false},"excerpt":{"rendered":"<p>[vc_row full_width=&#8221;stretch_row_content&#8221; css=&#8221;.vc_custom_1659459295966{background-color: #ffffff !important;}&#8221;][vc_column css=&#8221;.vc_custom_1661154451143{padding-top: 0px !important;padding-right: 0px !important;padding-bottom: 0px !important;padding-left: 0px !important;}&#8221;][vc_single_image source=&#8221;external_link&#8221; css=&#8221;.vc_custom_1663256486488{padding-top: 0px !important;padding-right: 0px !important;padding-bottom: 0px !important;padding-left: 0px !important;}&#8221; custom_src=&#8221;https:\/\/meltan.mu\/wp-content\/uploads\/2022\/08\/Acquire.jpg&#8221;][\/vc_column][\/vc_row][vc_row full_width=&#8221;stretch_row_content&#8221; content_placement=&#8221;top&#8221; css=&#8221;.vc_custom_1659965079822{margin-top: 0px !important;padding-right: 20px !important;padding-bottom: 40px !important;padding-left: 20px !important;background-color: #d3d3d3 !important;}&#8221;][vc_column width=&#8221;1\/3&#8243; css=&#8221;.vc_custom_1659965044898{margin-top: 30px !important;}&#8221;][vc_single_image source=&#8221;external_link&#8221; custom_src=&#8221;https:\/\/meltan.mu\/wp-content\/uploads\/2022\/08\/gound2.jpg&#8221;][\/vc_column][vc_column width=&#8221;2\/3&#8243; css=&#8221;.vc_custom_1659846955262{margin-top: 30px !important;}&#8221;][vc_column_text css=&#8221;.vc_custom_1663256534929{margin-top: 40px !important;}&#8221;] Appartements de type rez-de-chauss\u00e9e [&hellip;]<\/p>\n","protected":false},"author":1,"featured_media":0,"parent":0,"menu_order":0,"comment_status":"closed","ping_status":"closed","template":"templates\/full-width.php","meta":{"footnotes":""},"class_list":["post-17388","page","type-page","status-publish","hentry"],"aioseo_notices":[],"_links":{"self":[{"href":"https:\/\/meltan.mu\/index.php\/wp-json\/wp\/v2\/pages\/17388","targetHints":{"allow":["GET"]}}],"collection":[{"href":"https:\/\/meltan.mu\/index.php\/wp-json\/wp\/v2\/pages"}],"about":[{"href":"https:\/\/meltan.mu\/index.php\/wp-json\/wp\/v2\/types\/page"}],"author":[{"embeddable":true,"href":"https:\/\/meltan.mu\/index.php\/wp-json\/wp\/v2\/users\/1"}],"replies":[{"embeddable":true,"href":"https:\/\/meltan.mu\/index.php\/wp-json\/wp\/v2\/comments?post=17388"}],"version-history":[{"count":3,"href":"https:\/\/meltan.mu\/index.php\/wp-json\/wp\/v2\/pages\/17388\/revisions"}],"predecessor-version":[{"id":17391,"href":"https:\/\/meltan.mu\/index.php\/wp-json\/wp\/v2\/pages\/17388\/revisions\/17391"}],"wp:attachment":[{"href":"https:\/\/meltan.mu\/index.php\/wp-json\/wp\/v2\/media?parent=17388"}],"curies":[{"name":"wp","href":"https:\/\/api.w.org\/{rel}","templated":true}]}}