{"id":17371,"date":"2022-09-15T19:32:44","date_gmt":"2022-09-15T15:32:44","guid":{"rendered":"https:\/\/meltan.mu\/?page_id=17371"},"modified":"2022-09-15T19:34:22","modified_gmt":"2022-09-15T15:34:22","slug":"programme-property-development-scheme-pds","status":"publish","type":"page","link":"https:\/\/meltan.mu\/index.php\/fr\/programme-property-development-scheme-pds\/","title":{"rendered":"Programme Property Development Scheme (PDS)"},"content":{"rendered":"<p>[vc_row full_width=&#8221;stretch_row_content&#8221; css=&#8221;.vc_custom_1659459295966{background-color: #ffffff !important;}&#8221;][vc_column css=&#8221;.vc_custom_1661154880551{padding-top: 0px !important;padding-right: 0px !important;padding-bottom: 0px !important;padding-left: 0px !important;}&#8221;][vc_single_image source=&#8221;external_link&#8221; css=&#8221;.vc_custom_1663256003439{padding-top: 0px !important;padding-right: 0px !important;padding-bottom: 0px !important;padding-left: 0px !important;}&#8221; custom_src=&#8221;https:\/\/meltan.mu\/wp-content\/uploads\/2022\/08\/Acquire.jpg&#8221;][\/vc_column][\/vc_row][vc_row full_width=&#8221;stretch_row_content&#8221; content_placement=&#8221;top&#8221; css=&#8221;.vc_custom_1659965079822{margin-top: 0px !important;padding-right: 20px !important;padding-bottom: 40px !important;padding-left: 20px !important;background-color: #d3d3d3 !important;}&#8221;][vc_column width=&#8221;1\/3&#8243; css=&#8221;.vc_custom_1659965044898{margin-top: 30px !important;}&#8221;][vc_single_image source=&#8221;external_link&#8221; custom_src=&#8221;https:\/\/meltan.mu\/wp-content\/uploads\/2022\/08\/pds-1.jpg&#8221;][\/vc_column][vc_column width=&#8221;2\/3&#8243; css=&#8221;.vc_custom_1659846955262{margin-top: 30px !important;}&#8221;][vc_column_text css=&#8221;.vc_custom_1663256057899{margin-top: 40px !important;}&#8221;]<\/p>\n<h1 style=\"text-align: justify;\"><span style=\"color: #000000;\"><strong>Programme Property Development Scheme (PDS)<\/strong><\/span><\/h1>\n<p style=\"text-align: justify;\"><span style=\"color: #000000;\">Le Property Development Scheme (PDS) est l&#8217;un des programmes approuv\u00e9s, qui a \u00e9t\u00e9 con\u00e7u pour faciliter le d\u00e9veloppement et l&#8217;achat ult\u00e9rieur de propri\u00e9t\u00e9s luxueuses par des non-ressortissants \u00e0 Maurice.<\/span><\/p>\n<p style=\"text-align: justify;\"><span style=\"color: #000000;\">Les projets d\u00e9velopp\u00e9s dans le cadre de ce programme offrent des propri\u00e9t\u00e9s r\u00e9sidentielles de luxe exceptionnelles r\u00e9pondant \u00e0 des normes internationales \u00e9lev\u00e9es, ainsi que des espaces ouverts de grande qualit\u00e9, des installations de loisirs et de d\u00e9tente de haut niveau et des services de gestion quotidienne.<\/span><\/p>\n<p style=\"text-align: justify;\"><span style=\"color: #000000;\">Lors de l&#8217;acquisition d&#8217;une propri\u00e9t\u00e9 r\u00e9sidentielle pour un prix sup\u00e9rieur \u00e0 375 000 USD, un non-ressortissant se voit accorder un permis de s\u00e9jour tant qu&#8217;il d\u00e9tient la propri\u00e9t\u00e9 r\u00e9sidentielle. Le conjoint et les enfants se voient \u00e9galement accorder un permis de s\u00e9jour.<\/span><\/p>\n<p style=\"text-align: justify;\"><span style=\"color: #000000;\">Les non-ressortissants qui ont un permis de r\u00e9sidence dans le cadre du PDS seront exempt\u00e9s d&#8217;un permis d&#8217;occupation ou de travail pour investir et travailler \u00e0 Maurice.<\/span><\/p>\n<p>[\/vc_column_text][\/vc_column][\/vc_row]<\/p>\n","protected":false},"excerpt":{"rendered":"<p>[vc_row full_width=&#8221;stretch_row_content&#8221; css=&#8221;.vc_custom_1659459295966{background-color: #ffffff !important;}&#8221;][vc_column css=&#8221;.vc_custom_1661154880551{padding-top: 0px !important;padding-right: 0px !important;padding-bottom: 0px !important;padding-left: 0px !important;}&#8221;][vc_single_image source=&#8221;external_link&#8221; css=&#8221;.vc_custom_1663256003439{padding-top: 0px !important;padding-right: 0px !important;padding-bottom: 0px !important;padding-left: 0px !important;}&#8221; custom_src=&#8221;https:\/\/meltan.mu\/wp-content\/uploads\/2022\/08\/Acquire.jpg&#8221;][\/vc_column][\/vc_row][vc_row full_width=&#8221;stretch_row_content&#8221; content_placement=&#8221;top&#8221; css=&#8221;.vc_custom_1659965079822{margin-top: 0px !important;padding-right: 20px !important;padding-bottom: 40px !important;padding-left: 20px !important;background-color: #d3d3d3 !important;}&#8221;][vc_column width=&#8221;1\/3&#8243; css=&#8221;.vc_custom_1659965044898{margin-top: 30px !important;}&#8221;][vc_single_image source=&#8221;external_link&#8221; custom_src=&#8221;https:\/\/meltan.mu\/wp-content\/uploads\/2022\/08\/pds-1.jpg&#8221;][\/vc_column][vc_column width=&#8221;2\/3&#8243; css=&#8221;.vc_custom_1659846955262{margin-top: 30px !important;}&#8221;][vc_column_text css=&#8221;.vc_custom_1663256057899{margin-top: 40px !important;}&#8221;] Programme Property Development Scheme [&hellip;]<\/p>\n","protected":false},"author":1,"featured_media":0,"parent":0,"menu_order":0,"comment_status":"closed","ping_status":"closed","template":"templates\/full-width.php","meta":{"footnotes":""},"class_list":["post-17371","page","type-page","status-publish","hentry"],"aioseo_notices":[],"_links":{"self":[{"href":"https:\/\/meltan.mu\/index.php\/wp-json\/wp\/v2\/pages\/17371","targetHints":{"allow":["GET"]}}],"collection":[{"href":"https:\/\/meltan.mu\/index.php\/wp-json\/wp\/v2\/pages"}],"about":[{"href":"https:\/\/meltan.mu\/index.php\/wp-json\/wp\/v2\/types\/page"}],"author":[{"embeddable":true,"href":"https:\/\/meltan.mu\/index.php\/wp-json\/wp\/v2\/users\/1"}],"replies":[{"embeddable":true,"href":"https:\/\/meltan.mu\/index.php\/wp-json\/wp\/v2\/comments?post=17371"}],"version-history":[{"count":4,"href":"https:\/\/meltan.mu\/index.php\/wp-json\/wp\/v2\/pages\/17371\/revisions"}],"predecessor-version":[{"id":17375,"href":"https:\/\/meltan.mu\/index.php\/wp-json\/wp\/v2\/pages\/17371\/revisions\/17375"}],"wp:attachment":[{"href":"https:\/\/meltan.mu\/index.php\/wp-json\/wp\/v2\/media?parent=17371"}],"curies":[{"name":"wp","href":"https:\/\/api.w.org\/{rel}","templated":true}]}}