{"id":17352,"date":"2022-09-15T19:07:54","date_gmt":"2022-09-15T15:07:54","guid":{"rendered":"https:\/\/meltan.mu\/?page_id=17352"},"modified":"2022-09-15T19:10:01","modified_gmt":"2022-09-15T15:10:01","slug":"residence-permanente-de-20-ans","status":"publish","type":"page","link":"https:\/\/meltan.mu\/index.php\/fr\/residence-permanente-de-20-ans\/","title":{"rendered":"R\u00e9sidence permanente de 20 ans"},"content":{"rendered":"<p>[vc_row full_width=&#8221;stretch_row_content&#8221; css=&#8221;.vc_custom_1659459295966{background-color: #ffffff !important;}&#8221;][vc_column css=&#8221;.vc_custom_1661154803857{padding-top: 0px !important;padding-right: 0px !important;padding-bottom: 0px !important;padding-left: 0px !important;}&#8221;][vc_single_image source=&#8221;external_link&#8221; css=&#8221;.vc_custom_1663254508817{padding-top: 0px !important;padding-right: 0px !important;padding-bottom: 0px !important;padding-left: 0px !important;}&#8221; custom_src=&#8221;https:\/\/meltan.mu\/wp-content\/uploads\/2022\/08\/Invest-Live.jpg&#8221;][\/vc_column][\/vc_row][vc_row full_width=&#8221;stretch_row_content&#8221; content_placement=&#8221;middle&#8221; css=&#8221;.vc_custom_1659849523008{padding-right: 20px !important;padding-bottom: 40px !important;padding-left: 20px !important;background-color: #d3d3d3 !important;}&#8221;][vc_column width=&#8221;2\/3&#8243; css=&#8221;.vc_custom_1659459622027{margin-top: 50px !important;}&#8221;][vc_column_text css=&#8221;.vc_custom_1663254597700{margin-top: 40px !important;}&#8221;]<\/p>\n<h1><span style=\"color: #000000;\"><strong>R\u00e9sidence permanente de 20 ans<\/strong><\/span><\/h1>\n<p><span style=\"color: #000000;\">Le titulaire d&#8217;un permis d&#8217;occupation ou d&#8217;un permis de r\u00e9sidence en tant que non-citoyen retrait\u00e9 peut demander un permis de r\u00e9sidence permanente de 20 ans si les conditions sp\u00e9cifiques suivantes sont remplies :<\/span><\/p>\n<ol>\n<li><span style=\"color: #000000;\">Investisseur : \u00catre titulaire d&#8217;un OP depuis au moins 3 ans, avec : &#8211; un revenu brut annuel minimum d&#8217;au moins 15 MUR pendant les 3 ann\u00e9es pr\u00e9c\u00e9dant la demande. ou &#8211; un chiffre d&#8217;affaires global de 45 MUR pendant toute p\u00e9riode cons\u00e9cutive de 3 ans pr\u00e9c\u00e9dant la demande.<\/span><\/li>\n<\/ol>\n<ol start=\"2\">\n<li><span style=\"color: #000000;\">Professionnel : titulaire d&#8217;un OP depuis au moins 3 ans, avec un salaire mensuel de base d&#8217;au moins 150 000 MUR pendant les 3 ann\u00e9es cons\u00e9cutives pr\u00e9c\u00e9dant imm\u00e9diatement la demande de permis de s\u00e9jour permanent.<\/span><\/li>\n<\/ol>\n<ol start=\"3\">\n<li><span style=\"color: #000000;\">Travailleur ind\u00e9pendant : Titulaire d&#8217;un PO depuis au moins trois ans, avec un revenu commercial annuel d&#8217;au moins MUR 3 millions pendant les trois ann\u00e9es cons\u00e9cutives pr\u00e9c\u00e9dant imm\u00e9diatement la demande de permis de s\u00e9jour permanent.<\/span><\/li>\n<\/ol>\n<p><span style=\"color: #000000;\">4.\u00a0\u00a0\u00a0\u00a0\u00a0\u00a0\u00a0\u00a0 Non-citoyen retrait\u00e9 : D\u00e9tenir un RP en tant que non-citoyen retrait\u00e9 depuis au moins 3 ans avec un transfert d&#8217;au moins 54 000 USD ou son \u00e9quivalent en devise \u00e9trang\u00e8re librement convertible pendant la p\u00e9riode de 3 ans pr\u00e9c\u00e9dant la demande.<\/span>[\/vc_column_text][\/vc_column][vc_column width=&#8221;1\/3&#8243; css=&#8221;.vc_custom_1659846955262{margin-top: 30px !important;}&#8221;][vc_single_image source=&#8221;external_link&#8221; custom_src=&#8221;https:\/\/meltan.mu\/wp-content\/uploads\/2022\/08\/permanent-residency-20-years.jpg&#8221;][\/vc_column][\/vc_row]<\/p>\n","protected":false},"excerpt":{"rendered":"<p>[vc_row full_width=&#8221;stretch_row_content&#8221; css=&#8221;.vc_custom_1659459295966{background-color: #ffffff !important;}&#8221;][vc_column css=&#8221;.vc_custom_1661154803857{padding-top: 0px !important;padding-right: 0px !important;padding-bottom: 0px !important;padding-left: 0px !important;}&#8221;][vc_single_image source=&#8221;external_link&#8221; css=&#8221;.vc_custom_1663254508817{padding-top: 0px !important;padding-right: 0px !important;padding-bottom: 0px !important;padding-left: 0px !important;}&#8221; custom_src=&#8221;https:\/\/meltan.mu\/wp-content\/uploads\/2022\/08\/Invest-Live.jpg&#8221;][\/vc_column][\/vc_row][vc_row full_width=&#8221;stretch_row_content&#8221; content_placement=&#8221;middle&#8221; css=&#8221;.vc_custom_1659849523008{padding-right: 20px !important;padding-bottom: 40px !important;padding-left: 20px !important;background-color: #d3d3d3 !important;}&#8221;][vc_column width=&#8221;2\/3&#8243; css=&#8221;.vc_custom_1659459622027{margin-top: 50px !important;}&#8221;][vc_column_text css=&#8221;.vc_custom_1663254597700{margin-top: 40px !important;}&#8221;] R\u00e9sidence permanente de 20 ans Le titulaire d&#8217;un permis d&#8217;occupation ou d&#8217;un [&hellip;]<\/p>\n","protected":false},"author":1,"featured_media":0,"parent":0,"menu_order":0,"comment_status":"closed","ping_status":"closed","template":"templates\/full-width.php","meta":{"footnotes":""},"class_list":["post-17352","page","type-page","status-publish","hentry"],"aioseo_notices":[],"_links":{"self":[{"href":"https:\/\/meltan.mu\/index.php\/wp-json\/wp\/v2\/pages\/17352","targetHints":{"allow":["GET"]}}],"collection":[{"href":"https:\/\/meltan.mu\/index.php\/wp-json\/wp\/v2\/pages"}],"about":[{"href":"https:\/\/meltan.mu\/index.php\/wp-json\/wp\/v2\/types\/page"}],"author":[{"embeddable":true,"href":"https:\/\/meltan.mu\/index.php\/wp-json\/wp\/v2\/users\/1"}],"replies":[{"embeddable":true,"href":"https:\/\/meltan.mu\/index.php\/wp-json\/wp\/v2\/comments?post=17352"}],"version-history":[{"count":3,"href":"https:\/\/meltan.mu\/index.php\/wp-json\/wp\/v2\/pages\/17352\/revisions"}],"predecessor-version":[{"id":17355,"href":"https:\/\/meltan.mu\/index.php\/wp-json\/wp\/v2\/pages\/17352\/revisions\/17355"}],"wp:attachment":[{"href":"https:\/\/meltan.mu\/index.php\/wp-json\/wp\/v2\/media?parent=17352"}],"curies":[{"name":"wp","href":"https:\/\/api.w.org\/{rel}","templated":true}]}}