{"id":17336,"date":"2022-09-15T18:51:45","date_gmt":"2022-09-15T14:51:45","guid":{"rendered":"https:\/\/meltan.mu\/?page_id=17336"},"modified":"2022-09-15T18:54:08","modified_gmt":"2022-09-15T14:54:08","slug":"investissement-dans-une-activite-qualifiee","status":"publish","type":"page","link":"https:\/\/meltan.mu\/index.php\/fr\/investissement-dans-une-activite-qualifiee\/","title":{"rendered":"Investissement dans une activit\u00e9 qualifi\u00e9e"},"content":{"rendered":"<p>[vc_row full_width=&#8221;stretch_row_content&#8221; css=&#8221;.vc_custom_1659459295966{background-color: #ffffff !important;}&#8221;][vc_column css=&#8221;.vc_custom_1661154606698{padding-top: 0px !important;padding-right: 0px !important;padding-bottom: 0px !important;padding-left: 0px !important;}&#8221;][vc_single_image source=&#8221;external_link&#8221; css=&#8221;.vc_custom_1663253539639{padding-top: 0px !important;padding-right: 0px !important;padding-bottom: 0px !important;padding-left: 0px !important;}&#8221; custom_src=&#8221;https:\/\/meltan.mu\/wp-content\/uploads\/2022\/08\/Invest-Live.jpg&#8221;][\/vc_column][\/vc_row][vc_row full_width=&#8221;stretch_row_content&#8221; content_placement=&#8221;middle&#8221; css=&#8221;.vc_custom_1659849523008{padding-right: 20px !important;padding-bottom: 40px !important;padding-left: 20px !important;background-color: #d3d3d3 !important;}&#8221;][vc_column width=&#8221;2\/3&#8243; css=&#8221;.vc_custom_1659459622027{margin-top: 50px !important;}&#8221;][vc_column_text css=&#8221;.vc_custom_1663253644481{margin-top: 40px !important;}&#8221;]<\/p>\n<h1><span style=\"color: #000000;\"><strong>Investissement dans une activit\u00e9 qualifi\u00e9e<\/strong><\/span><\/h1>\n<p style=\"text-align: justify;\"><span style=\"color: #000000;\">Un investisseur \u00e9tranger qui investit au moins 375 000 USD dans une activit\u00e9 commerciale qualifiante peut demander un permis de r\u00e9sidence permanente.<\/span><\/p>\n<p style=\"text-align: justify;\"><span style=\"color: #000000;\">Une r\u00e9sidence exclusive de 20 ans est accord\u00e9e pour vous assurer que vous vous installez et que votre entreprise est productive pendant que vous explorez d&#8217;autres opportunit\u00e9s diverses \u00e0 Maurice.<\/span><\/p>\n<p style=\"text-align: justify;\"><span style=\"color: #000000;\">\u00a0Investissement minimum de 375 000 USD dans une activit\u00e9 commerciale qualifiante.<\/span><\/p>\n<p><span style=\"color: #000000;\"><strong>Activit\u00e9s qualifiantes : <\/strong><\/span><\/p>\n<ul>\n<li><span style=\"color: #000000;\">Industrie agroalimentaire,<\/span><\/li>\n<li><span style=\"color: #000000;\">Audiovisuel,<\/span><\/li>\n<li><span style=\"color: #000000;\">Cin\u00e9ma et communication,<\/span><\/li>\n<li><span style=\"color: #000000;\">Banque,<\/span><\/li>\n<li><span style=\"color: #000000;\">Construction,<\/span><\/li>\n<li><span style=\"color: #000000;\">\u00c9ducation,<\/span><\/li>\n<li><span style=\"color: #000000;\">Energie verte,<\/span><\/li>\n<li><span style=\"color: #000000;\">Services financiers,<\/span><\/li>\n<li><span style=\"color: #000000;\">P\u00eache et ressources marines,<\/span><\/li>\n<li><span style=\"color: #000000;\">Port franc,<\/span><\/li>\n<li><span style=\"color: #000000;\">Technologies de l&#8217;information,<\/span><\/li>\n<li><span style=\"color: #000000;\">Infrastructure,<\/span><\/li>\n<li><span style=\"color: #000000;\">Assurance,<\/span><\/li>\n<li><span style=\"color: #000000;\">Loisirs,<\/span><\/li>\n<li><span style=\"color: #000000;\">Manufacturier,<\/span><\/li>\n<li><span style=\"color: #000000;\">D\u00e9veloppement des ports de plaisance,<\/span><\/li>\n<li><span style=\"color: #000000;\">Tourisme,<\/span><\/li>\n<li><span style=\"color: #000000;\">Entreposage<\/span><\/li>\n<\/ul>\n<p>[\/vc_column_text][\/vc_column][vc_column width=&#8221;1\/3&#8243; css=&#8221;.vc_custom_1659846955262{margin-top: 30px !important;}&#8221;][vc_single_image source=&#8221;external_link&#8221; custom_src=&#8221;https:\/\/meltan.mu\/wp-content\/uploads\/2022\/08\/About-us.jpg&#8221;][\/vc_column][\/vc_row]<\/p>\n","protected":false},"excerpt":{"rendered":"<p>[vc_row full_width=&#8221;stretch_row_content&#8221; css=&#8221;.vc_custom_1659459295966{background-color: #ffffff !important;}&#8221;][vc_column css=&#8221;.vc_custom_1661154606698{padding-top: 0px !important;padding-right: 0px !important;padding-bottom: 0px !important;padding-left: 0px !important;}&#8221;][vc_single_image source=&#8221;external_link&#8221; css=&#8221;.vc_custom_1663253539639{padding-top: 0px !important;padding-right: 0px !important;padding-bottom: 0px !important;padding-left: 0px !important;}&#8221; custom_src=&#8221;https:\/\/meltan.mu\/wp-content\/uploads\/2022\/08\/Invest-Live.jpg&#8221;][\/vc_column][\/vc_row][vc_row full_width=&#8221;stretch_row_content&#8221; content_placement=&#8221;middle&#8221; css=&#8221;.vc_custom_1659849523008{padding-right: 20px !important;padding-bottom: 40px !important;padding-left: 20px !important;background-color: #d3d3d3 !important;}&#8221;][vc_column width=&#8221;2\/3&#8243; css=&#8221;.vc_custom_1659459622027{margin-top: 50px !important;}&#8221;][vc_column_text css=&#8221;.vc_custom_1663253644481{margin-top: 40px !important;}&#8221;] Investissement dans une activit\u00e9 qualifi\u00e9e Un investisseur \u00e9tranger qui investit au moins [&hellip;]<\/p>\n","protected":false},"author":1,"featured_media":0,"parent":0,"menu_order":0,"comment_status":"closed","ping_status":"closed","template":"templates\/full-width.php","meta":{"footnotes":""},"class_list":["post-17336","page","type-page","status-publish","hentry"],"aioseo_notices":[],"_links":{"self":[{"href":"https:\/\/meltan.mu\/index.php\/wp-json\/wp\/v2\/pages\/17336","targetHints":{"allow":["GET"]}}],"collection":[{"href":"https:\/\/meltan.mu\/index.php\/wp-json\/wp\/v2\/pages"}],"about":[{"href":"https:\/\/meltan.mu\/index.php\/wp-json\/wp\/v2\/types\/page"}],"author":[{"embeddable":true,"href":"https:\/\/meltan.mu\/index.php\/wp-json\/wp\/v2\/users\/1"}],"replies":[{"embeddable":true,"href":"https:\/\/meltan.mu\/index.php\/wp-json\/wp\/v2\/comments?post=17336"}],"version-history":[{"count":3,"href":"https:\/\/meltan.mu\/index.php\/wp-json\/wp\/v2\/pages\/17336\/revisions"}],"predecessor-version":[{"id":17339,"href":"https:\/\/meltan.mu\/index.php\/wp-json\/wp\/v2\/pages\/17336\/revisions\/17339"}],"wp:attachment":[{"href":"https:\/\/meltan.mu\/index.php\/wp-json\/wp\/v2\/media?parent=17336"}],"curies":[{"name":"wp","href":"https:\/\/api.w.org\/{rel}","templated":true}]}}