{"id":17290,"date":"2022-09-11T14:20:33","date_gmt":"2022-09-11T10:20:33","guid":{"rendered":"https:\/\/meltan.mu\/?page_id=17290"},"modified":"2022-09-15T20:32:31","modified_gmt":"2022-09-15T16:32:31","slug":"services-de-consultation-et-de-conseil","status":"publish","type":"page","link":"https:\/\/meltan.mu\/index.php\/fr\/services-de-consultation-et-de-conseil\/","title":{"rendered":"Services de consultation et de conseil"},"content":{"rendered":"<p>[vc_row full_width=&#8221;stretch_row_content&#8221; css=&#8221;.vc_custom_1659459295966{background-color: #ffffff !important;}&#8221;][vc_column css=&#8221;.vc_custom_1661154353220{padding-top: 0px !important;padding-right: 0px !important;padding-bottom: 0px !important;padding-left: 0px !important;}&#8221;][vc_single_image source=&#8221;external_link&#8221; css=&#8221;.vc_custom_1662891825756{padding-top: 0px !important;padding-right: 0px !important;padding-bottom: 0px !important;padding-left: 0px !important;}&#8221; custom_src=&#8221;https:\/\/meltan.mu\/wp-content\/uploads\/2022\/08\/Services.jpg&#8221;][\/vc_column][\/vc_row][vc_row full_width=&#8221;stretch_row_content&#8221; content_placement=&#8221;middle&#8221; css=&#8221;.vc_custom_1659849523008{padding-right: 20px !important;padding-bottom: 40px !important;padding-left: 20px !important;background-color: #d3d3d3 !important;}&#8221;][vc_column width=&#8221;2\/3&#8243; css=&#8221;.vc_custom_1659459622027{margin-top: 50px !important;}&#8221;][vc_column_text css=&#8221;.vc_custom_1662891706653{margin-top: 40px !important;}&#8221;]<\/p>\n<h1><span style=\"color: #000000;\"><strong>Services de consultation et de conseil <\/strong><\/span><\/h1>\n<ul style=\"list-style-type: circle;\">\n<li><span style=\"color: #000000;\">Services de conseil et application aupr\u00e8s de L\u2019Economic Development Board pour des projets sous le Property Development Scheme, Invest Hotel Scheme, SmartCity et tout autre projet immobilier et h\u00f4telier.<\/span><\/li>\n<li><span style=\"color: #000000;\">\u00c9tudes de faisabilit\u00e9, cr\u00e9ation d&#8217;entreprise, r\u00e9daction de projet, plan d&#8217;affaires, etc.<\/span><\/li>\n<li><span style=\"color: #000000;\">Conseil et orientation sur tous les projets d&#8217;investissement dans tous les secteurs \u00e0 Maurice.<\/span><\/li>\n<li><span style=\"color: #000000;\">Demande de certificat de port franc<\/span><\/li>\n<li><span style=\"color: #000000;\">Application for Freeport Certificate<\/span><\/li>\n<li><span style=\"color: #000000;\">Application for all secondary permits and licences<\/span><\/li>\n<\/ul>\n<p>[\/vc_column_text][\/vc_column][vc_column width=&#8221;1\/3&#8243; css=&#8221;.vc_custom_1659846955262{margin-top: 30px !important;}&#8221;][vc_single_image image=&#8221;17415&#8243; img_size=&#8221;full&#8221;][\/vc_column][\/vc_row]<\/p>\n","protected":false},"excerpt":{"rendered":"<p>[vc_row full_width=&#8221;stretch_row_content&#8221; css=&#8221;.vc_custom_1659459295966{background-color: #ffffff !important;}&#8221;][vc_column css=&#8221;.vc_custom_1661154353220{padding-top: 0px !important;padding-right: 0px !important;padding-bottom: 0px !important;padding-left: 0px !important;}&#8221;][vc_single_image source=&#8221;external_link&#8221; css=&#8221;.vc_custom_1662891825756{padding-top: 0px !important;padding-right: 0px !important;padding-bottom: 0px !important;padding-left: 0px !important;}&#8221; custom_src=&#8221;https:\/\/meltan.mu\/wp-content\/uploads\/2022\/08\/Services.jpg&#8221;][\/vc_column][\/vc_row][vc_row full_width=&#8221;stretch_row_content&#8221; content_placement=&#8221;middle&#8221; css=&#8221;.vc_custom_1659849523008{padding-right: 20px !important;padding-bottom: 40px !important;padding-left: 20px !important;background-color: #d3d3d3 !important;}&#8221;][vc_column width=&#8221;2\/3&#8243; css=&#8221;.vc_custom_1659459622027{margin-top: 50px !important;}&#8221;][vc_column_text css=&#8221;.vc_custom_1662891706653{margin-top: 40px !important;}&#8221;] Services de consultation et de conseil Services de conseil et application aupr\u00e8s [&hellip;]<\/p>\n","protected":false},"author":1,"featured_media":0,"parent":0,"menu_order":0,"comment_status":"closed","ping_status":"closed","template":"templates\/full-width.php","meta":{"footnotes":""},"class_list":["post-17290","page","type-page","status-publish","hentry"],"aioseo_notices":[],"_links":{"self":[{"href":"https:\/\/meltan.mu\/index.php\/wp-json\/wp\/v2\/pages\/17290","targetHints":{"allow":["GET"]}}],"collection":[{"href":"https:\/\/meltan.mu\/index.php\/wp-json\/wp\/v2\/pages"}],"about":[{"href":"https:\/\/meltan.mu\/index.php\/wp-json\/wp\/v2\/types\/page"}],"author":[{"embeddable":true,"href":"https:\/\/meltan.mu\/index.php\/wp-json\/wp\/v2\/users\/1"}],"replies":[{"embeddable":true,"href":"https:\/\/meltan.mu\/index.php\/wp-json\/wp\/v2\/comments?post=17290"}],"version-history":[{"count":5,"href":"https:\/\/meltan.mu\/index.php\/wp-json\/wp\/v2\/pages\/17290\/revisions"}],"predecessor-version":[{"id":17416,"href":"https:\/\/meltan.mu\/index.php\/wp-json\/wp\/v2\/pages\/17290\/revisions\/17416"}],"wp:attachment":[{"href":"https:\/\/meltan.mu\/index.php\/wp-json\/wp\/v2\/media?parent=17290"}],"curies":[{"name":"wp","href":"https:\/\/api.w.org\/{rel}","templated":true}]}}