{"id":17201,"date":"2022-09-07T20:47:56","date_gmt":"2022-09-07T16:47:56","guid":{"rendered":"https:\/\/meltan.mu\/?page_id=17201"},"modified":"2022-09-08T07:54:52","modified_gmt":"2022-09-08T03:54:52","slug":"permis-doccupation-en-tant-quinvestisseur","status":"publish","type":"page","link":"https:\/\/meltan.mu\/index.php\/fr\/permis-doccupation-en-tant-quinvestisseur\/","title":{"rendered":"Permis d&#8217;occupation en tant qu&#8217;investisseur"},"content":{"rendered":"<p>[vc_row full_width=&#8221;stretch_row_content&#8221; css=&#8221;.vc_custom_1659459295966{background-color: #ffffff !important;}&#8221;][vc_column css=&#8221;.vc_custom_1661154719569{padding-top: 0px !important;padding-right: 0px !important;padding-bottom: 0px !important;padding-left: 0px !important;}&#8221;][vc_single_image source=&#8221;external_link&#8221; css=&#8221;.vc_custom_1662569082371{padding-top: 0px !important;padding-right: 0px !important;padding-bottom: 0px !important;padding-left: 0px !important;}&#8221; custom_src=&#8221;https:\/\/meltan.mu\/wp-content\/uploads\/2022\/08\/Permit-as-an-investor.jpg&#8221;][\/vc_column][\/vc_row][vc_row full_width=&#8221;stretch_row_content&#8221; content_placement=&#8221;top&#8221; css=&#8221;.vc_custom_1659969078749{margin-top: 0px !important;margin-bottom: 0px !important;padding-right: 20px !important;padding-bottom: 0px !important;padding-left: 20px !important;background-color: #d3d3d3 !important;}&#8221;][vc_column width=&#8221;1\/3&#8243; css=&#8221;.vc_custom_1659965044898{margin-top: 30px !important;}&#8221;][vc_single_image source=&#8221;external_link&#8221; custom_src=&#8221;https:\/\/meltan.mu\/wp-content\/uploads\/2022\/08\/occupation-permit-investor.jpg&#8221;][\/vc_column][vc_column width=&#8221;2\/3&#8243; css=&#8221;.vc_custom_1659846955262{margin-top: 30px !important;}&#8221;][vc_column_text css=&#8221;.vc_custom_1662569408724{margin-top: 40px !important;}&#8221;]<\/p>\n<h1><strong>Permis d&#8217;occupation en tant qu&#8217;investisseur<\/strong><\/h1>\n<p style=\"text-align: justify;\"><span style=\"color: #000000;\">L&#8217;\u00eele Maurice offre un environnement d&#8217;affaires propice et une multitude d&#8217;avantages li\u00e9s au mode de vie aux \u00e9trangers \u00e0 la recherche d&#8217;un lieu d&#8217;investissement stable. Compte tenu de la situation \u00e9conomique et sociale mondiale, d&#8217;importantes incitations ont \u00e9t\u00e9 introduites en termes de seuil d&#8217;investissement et de d\u00e9lai d&#8217;approbation afin d&#8217;offrir une plus grande certitude et de facilit\u00e9e \u00e0 la communaut\u00e9 des investisseurs.<\/span><\/p>\n<p style=\"text-align: justify;\"><span style=\"color: #000000;\">Au fil des ans, l&#8217;\u00eele Maurice s&#8217;est transform\u00e9e en une \u00e9conomie bien diversifi\u00e9e et \u00e0 large assise et est d\u00e9sormais ouverte aux investissements dans plus de 13 secteurs d&#8217;activit\u00e9 principaux.<\/span><\/p>\n<ul>\n<li style=\"text-align: justify;\"><span style=\"color: #000000;\">Agro-industrie<\/span><\/li>\n<li style=\"text-align: justify;\"><span style=\"color: #000000;\">Industrie cr\u00e9ative<\/span><\/li>\n<li style=\"text-align: justify;\"><span style=\"color: #000000;\">\u00c9conomie oc\u00e9anique<\/span><\/li>\n<li style=\"text-align: justify;\"><span style=\"color: #000000;\">\u00c9ducation<\/span><\/li>\n<li style=\"text-align: justify;\"><span style=\"color: #000000;\">\u00c9nergie renouvelable et \u00e9conomie verte<\/span><\/li>\n<li style=\"text-align: justify;\"><span style=\"color: #000000;\">Services financiers<\/span><\/li>\n<li style=\"text-align: justify;\"><span style=\"color: #000000;\">Port franc et logistique<\/span><\/li>\n<li style=\"text-align: justify;\"><span style=\"color: #000000;\">Soins de sant\u00e9 et produits pharmaceutiques<\/span><\/li>\n<li style=\"text-align: justify;\"><span style=\"color: #000000;\">Technologies de l&#8217;information et de la communication<\/span><\/li>\n<li style=\"text-align: justify;\"><span style=\"color: #000000;\">Sciences de la vie<\/span><\/li>\n<li style=\"text-align: justify;\"><span style=\"color: #000000;\">Industrie manufacturi\u00e8re<\/span><\/li>\n<li style=\"text-align: justify;\"><span style=\"color: #000000;\">Immobilier<\/span><\/li>\n<li style=\"text-align: justify;\"><span style=\"color: #000000;\">Tourisme et h\u00f4tellerie<\/span><\/li>\n<li style=\"text-align: justify;\"><span style=\"color: #000000;\">\u00c9conomie sportive<\/span><\/li>\n<\/ul>\n<p>[\/vc_column_text][\/vc_column][\/vc_row][vc_row full_width=&#8221;stretch_row_content&#8221; content_placement=&#8221;top&#8221; css=&#8221;.vc_custom_1659969536750{margin-top: 0px !important;padding-right: 20px !important;padding-bottom: 0px !important;padding-left: 20px !important;background-color: #c9c9c9 !important;}&#8221;][vc_column width=&#8221;2\/3&#8243; css=&#8221;.vc_custom_1659968501083{margin-top: 0px !important;}&#8221;][vc_column_text css=&#8221;.vc_custom_1662609288640{margin-top: 20px !important;}&#8221;]<\/p>\n<p style=\"text-align: justify;\"><span style=\"color: #000000;\">Selon la loi sur l&#8217;immigration, un investisseur signifie : une personne qui n&#8217;est pas un citoyen de l&#8217;\u00eele Maurice, une association ou un groupe de personnes, qu&#8217;il s&#8217;agisse d&#8217;une soci\u00e9t\u00e9 ou d&#8217;une corporation, dont le contr\u00f4le ou la gestion est confi\u00e9 \u00e0 des personnes qui ne sont pas des citoyens de l&#8217;\u00eele Maurice et qui sont enregistr\u00e9es comme telles aupr\u00e8s du Conseil de d\u00e9veloppement \u00e9conomique.<\/span><\/p>\n<p style=\"text-align: justify;\"><span style=\"color: #000000;\"><strong>Un investisseur peut demander un permis d&#8217;occupation selon les options suivantes :<\/strong><\/span><\/p>\n<p style=\"text-align: justify;\"><span style=\"color: #000000;\"><strong>Option 1 (normale) : <\/strong><\/span><\/p>\n<p style=\"text-align: justify;\"><span style=\"color: #000000;\">Un transfert initial de 50 000 USD ou son \u00e9quivalent en devise librement convertible sur le compte bancaire de la soci\u00e9t\u00e9 sous laquelle la demande sera faite.<\/span><\/p>\n<p style=\"text-align: justify;\"><span style=\"color: #000000;\"><strong>Option 2 (Valeur nette d&#8217;inventaire) : <\/strong><\/span><\/p>\n<p style=\"text-align: justify;\"><span style=\"color: #000000;\">Valeur nette des actifs d&#8217;au moins 50 000 USD ou son \u00e9quivalent en devises librement convertibles, pour les entreprises existantes et les entreprises h\u00e9rit\u00e9es et un chiffre d&#8217;affaires cumul\u00e9 d&#8217;au moins 12 millions de roupies au cours des 3 ann\u00e9es pr\u00e9c\u00e9dant la demande.<\/span><\/p>\n<p style=\"text-align: justify;\"><span style=\"color: #000000;\"><strong>Option 3 (machines et \u00e9quipements de haute technologie) : <\/strong><\/span><\/p>\n<p style=\"text-align: justify;\"><span style=\"color: #000000;\">Un investissement initial de 50 000 USD ou son \u00e9quivalent en devises librement convertibles, dont :<\/span><\/p>\n<p style=\"text-align: justify;\"><span style=\"color: #000000;\">a. un transfert minimum d&#8217;au moins 25 000 USD sur le compte bancaire de la soci\u00e9t\u00e9 sous laquelle la demande sera faite et, <\/span><\/p>\n<p style=\"text-align: justify;\"><span style=\"color: #000000;\">b. l&#8217;\u00e9quivalent de la valeur restante en machines et \u00e9quipements de haute technologie, sous r\u00e9serve des crit\u00e8res que le directeur g\u00e9n\u00e9ral peut d\u00e9terminer, tels que :<\/span><\/p>\n<p style=\"text-align: justify;\"><span style=\"color: #000000;\">i) Les machines et \u00e9quipements de haute technologie seront \u00e9valu\u00e9s sur la base de la facture \u00e9mise par le fournisseur et d&#8217;un rapport d&#8217;un \u00e9valuateur agr\u00e9\u00e9 reconnu dans le pays d&#8217;origine. <\/span><br \/>\n<span style=\"color: #000000;\">ii) Dans le cas o\u00f9 les machines et \u00e9quipements de haute technologie n&#8217;ont pas encore \u00e9t\u00e9 exp\u00e9di\u00e9s \u00e0 Maurice, l&#8217;investisseur doit soumettre le connaissement \u00e0 l&#8217;Unit\u00e9 des permis d&#8217;occupation au moment de la soumission de la demande. <\/span><br \/>\n<span style=\"color: #000000;\">iii) L&#8217;investissement dans les machines et \u00e9quipements de haute technologie doit \u00eatre r\u00e9alis\u00e9 dans une activit\u00e9 qualifi\u00e9e, y compris, mais sans s&#8217;y limiter, l&#8217;agro-industrie, l&#8217;aquaculture, les soins de sant\u00e9, les TIC-BPO, les fintech, les sciences de la vie, la biotechnologie, la fabrication, l&#8217;\u00e9conomie oc\u00e9anique et les \u00e9nergies renouvelables.<\/span><br \/>\n<span style=\"color: #000000;\">iv) Investisseur pour les jeunes entreprises innovantes <\/span><br \/>\n<span style=\"color: #000000;\">Les ressortissants \u00e9trangers peuvent demander un permis d\u2019occupation innovateur selon les 2 options suivantes :<\/span><\/p>\n<p style=\"text-align: justify;\"><span style=\"color: #000000;\"><strong>Option 1 :<\/strong> Aucun investissement minimum requis et soumission d&#8217;un projet innovant au Conseil de d\u00e9veloppement \u00e9conomique.<\/span><\/p>\n<p style=\"text-align: justify;\"><span style=\"color: #000000;\"><strong>Option 2 :<\/strong> Inscription aupr\u00e8s d&#8217;un incubateur accr\u00e9dit\u00e9 aupr\u00e8s du Mauritius Research and Innovation Council.<\/span><\/p>\n<p style=\"text-align: justify;\"><strong><span style=\"color: #000000;\">Admissibilit\u00e9<\/span><\/strong><\/p>\n<p style=\"text-align: justify;\"><span style=\"color: #000000;\">i. Le plan d&#8217;affaires doit clairement d\u00e9crire toutes les d\u00e9penses li\u00e9es aux activit\u00e9s de R&amp;D.<\/span><br \/>\n<span style=\"color: #000000;\">ii. Le r\u00e9gime s&#8217;applique aux entreprises menant des activit\u00e9s de R&amp;D dans les secteurs qualifi\u00e9s, y compris, mais sans s&#8217;y limiter, les sciences de la vie et de la sant\u00e9, la technologie, les TIC, la fintech, la biotechnologie, la nanotechnologie, l&#8217;industrie l\u00e9g\u00e8re, les produits pharmaceutiques et le design. <\/span><br \/>\n<span style=\"color: #000000;\">iii. La composante des d\u00e9penses de R&amp;D doit constituer au moins 20% des d\u00e9penses op\u00e9rationnelles totales pendant la phase de recherche. <\/span><br \/>\n<span style=\"color: #000000;\">Les co\u00fbts suivants peuvent \u00eatre qualifi\u00e9s de recherche et d\u00e9veloppement : <\/span><br \/>\n<span style=\"color: #000000;\">i. Les co\u00fbts directs du personnel de R&amp;D ; <\/span><br \/>\n<span style=\"color: #000000;\">ii. Les co\u00fbts de R&amp;D sous-trait\u00e9s ; <\/span><br \/>\n<span style=\"color: #000000;\">iii. Personnel de R&amp;D fourni \u00e0 l&#8217;ext\u00e9rieur ; <\/span><br \/>\n<span style=\"color: #000000;\">iv. Co\u00fbts des volontaires pour les essais cliniques ; <\/span><br \/>\n<span style=\"color: #000000;\">v. Les prototypes ; <\/span><br \/>\n<span style=\"color: #000000;\">vi. Logiciels directement utilis\u00e9s dans la R&amp;D ; <\/span><br \/>\n<span style=\"color: #000000;\">vii. Les articles consommables ; <\/span><br \/>\n<span style=\"color: #000000;\">viii. Toute autre d\u00e9pense r\u00e9put\u00e9e avoir \u00e9t\u00e9 engag\u00e9e dans la perspective d&#8217;acqu\u00e9rir de nouvelles connaissances et une nouvelle compr\u00e9hension scientifiques ou techniques.<\/span><\/p>\n<p>[\/vc_column_text][\/vc_column][vc_column width=&#8221;1\/3&#8243; css=&#8221;.vc_custom_1659968463770{margin-top: 0px !important;}&#8221;][vc_single_image source=&#8221;external_link&#8221; css=&#8221;.vc_custom_1662609232484{margin-top: 30px !important;}&#8221; custom_src=&#8221;https:\/\/meltan.mu\/wp-content\/uploads\/2022\/08\/permit-as-an-investor-1.jpg&#8221;][\/vc_column][\/vc_row][vc_row full_width=&#8221;stretch_row_content&#8221; css=&#8221;.vc_custom_1659969577368{background-color: #d3d3d3 !important;}&#8221;][vc_column][vc_column_text css=&#8221;.vc_custom_1662609279940{margin-top: 20px !important;}&#8221;][\/vc_column_text][\/vc_column][\/vc_row]<\/p>\n","protected":false},"excerpt":{"rendered":"<p>[vc_row full_width=&#8221;stretch_row_content&#8221; css=&#8221;.vc_custom_1659459295966{background-color: #ffffff !important;}&#8221;][vc_column css=&#8221;.vc_custom_1661154719569{padding-top: 0px !important;padding-right: 0px !important;padding-bottom: 0px !important;padding-left: 0px !important;}&#8221;][vc_single_image source=&#8221;external_link&#8221; css=&#8221;.vc_custom_1662569082371{padding-top: 0px !important;padding-right: 0px !important;padding-bottom: 0px !important;padding-left: 0px !important;}&#8221; custom_src=&#8221;https:\/\/meltan.mu\/wp-content\/uploads\/2022\/08\/Permit-as-an-investor.jpg&#8221;][\/vc_column][\/vc_row][vc_row full_width=&#8221;stretch_row_content&#8221; content_placement=&#8221;top&#8221; css=&#8221;.vc_custom_1659969078749{margin-top: 0px !important;margin-bottom: 0px !important;padding-right: 20px !important;padding-bottom: 0px !important;padding-left: 20px !important;background-color: #d3d3d3 !important;}&#8221;][vc_column width=&#8221;1\/3&#8243; css=&#8221;.vc_custom_1659965044898{margin-top: 30px !important;}&#8221;][vc_single_image source=&#8221;external_link&#8221; custom_src=&#8221;https:\/\/meltan.mu\/wp-content\/uploads\/2022\/08\/occupation-permit-investor.jpg&#8221;][\/vc_column][vc_column width=&#8221;2\/3&#8243; css=&#8221;.vc_custom_1659846955262{margin-top: 30px !important;}&#8221;][vc_column_text css=&#8221;.vc_custom_1662569408724{margin-top: 40px !important;}&#8221;] Permis d&#8217;occupation [&hellip;]<\/p>\n","protected":false},"author":1,"featured_media":0,"parent":0,"menu_order":0,"comment_status":"closed","ping_status":"closed","template":"templates\/full-width.php","meta":{"footnotes":""},"class_list":["post-17201","page","type-page","status-publish","hentry"],"aioseo_notices":[],"_links":{"self":[{"href":"https:\/\/meltan.mu\/index.php\/wp-json\/wp\/v2\/pages\/17201","targetHints":{"allow":["GET"]}}],"collection":[{"href":"https:\/\/meltan.mu\/index.php\/wp-json\/wp\/v2\/pages"}],"about":[{"href":"https:\/\/meltan.mu\/index.php\/wp-json\/wp\/v2\/types\/page"}],"author":[{"embeddable":true,"href":"https:\/\/meltan.mu\/index.php\/wp-json\/wp\/v2\/users\/1"}],"replies":[{"embeddable":true,"href":"https:\/\/meltan.mu\/index.php\/wp-json\/wp\/v2\/comments?post=17201"}],"version-history":[{"count":6,"href":"https:\/\/meltan.mu\/index.php\/wp-json\/wp\/v2\/pages\/17201\/revisions"}],"predecessor-version":[{"id":17208,"href":"https:\/\/meltan.mu\/index.php\/wp-json\/wp\/v2\/pages\/17201\/revisions\/17208"}],"wp:attachment":[{"href":"https:\/\/meltan.mu\/index.php\/wp-json\/wp\/v2\/media?parent=17201"}],"curies":[{"name":"wp","href":"https:\/\/api.w.org\/{rel}","templated":true}]}}